204*j + 16. Let g be r(13). Let i = g - 1590. Let b = -1273 - i. Is b composite?
False
Suppose -2*x + 260 - 202 = 0. Suppose -23*v - 26394 = -x*v. Is v prime?
False
Suppose 0*v + 86910 = 5*v - 5*l, 5*v = 2*l + 86904. Let s = 32487 - v. Is s prime?
True
Suppose -2*l - 2 + 10 = 0. Suppose 2*i = 3*d - 17462, -3*i = -3*d - l*i + 17450. Is d a composite number?
True
Let b be 6 + (7 - 10) - 361. Let a = 1643 + b. Is a prime?
False
Let k = 562 + -558. Suppose 0 = -k*x - 1419 + 4231. Is x a composite number?
True
Let a(r) be the second derivative of 136*r**4/3 + 5*r**3 - 5*r**2/2 + 199*r. Is a(3) composite?
True
Let g = -12 + 18. Suppose g + 4 = 2*p. Suppose -i = -3*w - w + 2167, p*w = -2*i + 2699. Is w a composite number?
False
Suppose -5*t + 203 = -182. Let i = -52 + t. Suppose -i*n + 7348 = -21*n. Is n composite?
True
Let d = 3233684 + -2089273. Is d prime?
False
Let k(r) = 291*r - 1. Let t be k(3). Suppose -52*o + 48*o = -23932. Suppose 5*z - t = o. Is z prime?
False
Suppose -16*m + 119*m - 7098715 = 38*m. Is m a prime number?
True
Let x(d) = -247*d**3 - 8*d**2 + d + 7. Suppose 0 = 25*r - 47*r - 110. Is x(r) prime?
True
Let k(v) = -17 - 68 - 501*v + 158 + 48 + 66. Is k(-7) a prime number?
False
Is (-2 - 265279)*168/(-504) prime?
True
Let c = -4609 - -1989. Suppose 0*h - 9 = -3*h, -4*t = 2*h + 198. Let i = t - c. Is i composite?
True
Let s(f) = f**2 + 3*f - 65. Let d be s(7). Is (d - (-23919)/(-6))/(3/(-18)) a composite number?
True
Is 21/105 - (-1948216)/20 a composite number?
True
Suppose -13*d + 34*d - 17829 = 0. Suppose -4*z + d = -3*n + 28, 3*n - 803 = -4*z. Is z prime?
False
Suppose -r - 53*t + 55*t = -6195, 0 = -r - t + 6216. Is r a prime number?
False
Let y(i) = i**3 + i**2 - 1. Let j(f) = -117*f**3 - 9*f**2 - 21*f + 6. Let h(c) = j(c) - y(c). Is h(-4) a composite number?
True
Let p = 17234 - 4336. Is p a prime number?
False
Suppose -4*d = -4*i - 2916, 2881 = -4*i + d - 4*d. Let h = i + 1495. Is h composite?
True
Is 26191*(18 + -10)/8 prime?
False
Suppose 15*j - 37*j + 128905 = -223821. Is j a prime number?
True
Let w(a) = 15619*a**2 + 32*a + 212. Is w(-7) a prime number?
True
Let f = -494024 - -946293. Is f composite?
False
Is 102359 - 11 - (19 + -38) a prime number?
True
Let f = -98 + 93. Let o be f/(-15) - 4358/(-3). Let j = o - -3984. Is j a prime number?
True
Let p(k) = -k**3 + k**2 + 42*k + 15. Let h be p(7). Suppose 60508 = 3*q - 5*x, -2*x - x = h. Is q a composite number?
False
Let u(x) = -2*x**3 + 53*x**2 + 52*x + 59. Let a be (4 + (5 - 4))/(-1) - -29. Is u(a) prime?
False
Let k(t) = 366*t + 18383. Is k(0) a composite number?
True
Let h(g) = 2*g**2 - 2*g - 7. Let k be h(-3). Suppose k*p + 3451 = 24*p. Is p a prime number?
False
Let f(d) = d**3 - 4*d**2 + d - 5. Suppose -4*g = 4*v + 88, -g + 3*v = -5*g - 83. Let j = g + 24. Is f(j) composite?
False
Let s(q) = -q**3 + 18*q**2 - 31*q - 14. Let b be s(16). Suppose -5*m - 5478 = -6*m - 5*y, -b*m + 5*y = -10941. Is m prime?
False
Suppose -7*f + 25 = 11. Let m be 1*-3 - ((-2434)/f + 1). Let k = m - 647. Is k a prime number?
False
Let q be (-2)/(402284/44698 + -9). Let a = -23947 - q. Is a composite?
True
Let x be 2/21 - 133208/(-168). Let s = x + 1540. Is s a composite number?
False
Let p = 67758 - 34535. Is p composite?
False
Suppose 42*a - 1060666 = 364100. Is a composite?
False
Let y(n) be the second derivative of 34*n**3 + 37*n**2/2 - n - 1. Is y(14) prime?
False
Suppose 5*o - q + 11589 = -6431, 5*q = -4*o - 14387. Let z(m) = 9*m**3 - 6*m**2 - 4*m - 1. Let b be z(9). Let p = b + o. Is p a composite number?
True
Let f(k) = -4008*k + 55. Suppose -55*w = 110 + 55. Is f(w) composite?
True
Suppose v = 3*v + 1536. Let z be (v/(-6))/((-1)/(-14)). Let j = z - 977. Is j a composite number?
True
Suppose 2*o - 196857 = -2*w + 116575, 5*o = -w + 783568. Is o a prime number?
False
Let g(f) = -f**3 - 11*f**2 + 10*f - 24. Let m be g(-12). Suppose m*d = 3*d - 27717. Is d a composite number?
False
Suppose 21996 = -50*b + 6846. Let j be -3*1/3*-1702. Let k = j + b. Is k a prime number?
True
Let l = 2630 + -3852. Let t = l - -2827. Suppose 10*o - 7*o = t. Is o a prime number?
False
Let x(w) = 4*w**3 - 3*w**2 + 23*w - 2. Let t(g) = -4*g**3 + 2*g**2 - 25*g + 2. Let h(s) = 3*t(s) + 4*x(s). Is h(7) composite?
True
Let c = -3298 - -8464. Suppose -10*w + 71256 = c. Is w a composite number?
True
Suppose 3327 = -3*n + 2*t + 43472, 5*n = 2*t + 66907. Is n composite?
False
Let l(x) be the first derivative of 1425*x**2 + 13*x + 58. Is l(1) a prime number?
False
Suppose -a - 60 = 40. Is (-5)/a*8 + 35513/5 a prime number?
True
Let q = -4324398 - -6721565. Is q prime?
True
Suppose 2*v + 3*v = -260. Let a = -46 - v. Suppose 2*w = a*w - 212. Is w a composite number?
False
Let c(g) = 4*g**2 + 26*g + 17. Let v be c(-6). Suppose 498 = i - 5*p, 860 = 3*i + v*p - 614. Is i prime?
False
Let j(t) = -4*t**3 - 6*t**2 - 19. Is j(-9) a prime number?
True
Suppose 201*a + 3154455 = 246*a. Is a prime?
True
Let y = -110 + 60. Let t = 9 + -55. Is 2/(1 - y/t)*-5 a prime number?
False
Let o be 4/(-22) - (94794/66)/(-7). Let b = o + -14. Is b a prime number?
True
Let x = -90078 - -244171. Is x prime?
False
Let x = -23 + 18. Let q be (x/(0 - -5))/((-1)/(-3)). Is (-221 - (-5 + 3))/(q - -2) composite?
True
Suppose -2*o + 3*b = -43, -3*o - 6*b = -2*b - 107. Let z(s) = -46*s - o*s + 4 - 5. Is z(-6) a composite number?
False
Let w(a) = -401*a**3 - 2*a**2 - 1. Is w(-2) a prime number?
False
Let f(t) = 492*t**2 + 6*t + 13. Let a(i) = i**2 - 21*i + 28. Let d be a(20). Is f(d) composite?
True
Suppose -45*z + 2024174 = -3798058 + 1671747. Is z a composite number?
False
Suppose -5*u = j - 5097, -4*j - 14*u + 12*u = -20478. Suppose -2*m + 1129 + 1435 = 2*g, 4*g - j = -2*m. Is g prime?
True
Let r(n) be the first derivative of 286*n**3/3 - n**2 - 19*n - 5810. Suppose -2*q - 6 = -0. Is r(q) composite?
True
Suppose 0 = 3*o - 6*o + 15. Let l(p) = -p**3 - 7*p**2 + 16*p - 13. Let q be l(-9). Suppose 0 = -o*s + k + 1582, -q*k + 705 + 895 = 5*s. Is s prime?
True
Let c(p) = -23*p - 34. Let y = -18 + 8. Let b be c(y). Let s = b - -141. Is s a prime number?
True
Suppose 4*r = 2*b + 1567768, r = -4*b + 245474 + 146441. Is r a composite number?
False
Suppose -8*y - 6*f = -10*y + 78568, -y + f = -39290. Is y prime?
True
Suppose 2*l = -2*j - 0*l + 2360558, 5*j - l - 5901389 = 0. Is 2/10 + j/135 a prime number?
False
Let h = 15 + -14. Let n be (-2)/(h*(-2)/3). Is 381/2*2/n prime?
True
Suppose -p - n = 2*p - 25256, -p + 5*n = -8392. Let h = p - 1674. Is h composite?
True
Let t = -33 + 60. Let f = t - 30. Is 3 + 293 - (-2 - f) a composite number?
True
Let x = 1637 - 1563. Is x prime?
False
Let h(n) = -55*n**3 + 204*n**2 + 23*n - 3. Is h(-20) prime?
True
Let r be (122/6)/(1/4191). Suppose 5*d - 2*l - 2*l = r, 5*l = -d + 17026. Is d a prime number?
True
Let l be 1/((20/(-2040))/((-42)/(-4))). Suppose 2*h + t + 3*t - 5912 = 0, 4*h - 11869 = t. Let q = l + h. Is q composite?
True
Suppose -13*n - 263921 = -1730152. Is n prime?
True
Let d be ((-4)/(-7))/((-2)/(-28)). Let z(q) = -17*q - 2 + d*q**2 + 2*q**2 - 3*q**2 + 11. Is z(-10) a prime number?
False
Is 0/(-1) + -7 - 7322/(-7) composite?
False
Let v = -65732 - -115029. Is v composite?
False
Let s(v) = 822*v + 47. Let m = -16 - -19. Is s(m) composite?
True
Let l = 5071670 - 3571689. Is l a prime number?
False
Let i = 758750 + -317967. Is i composite?
True
Let v be -9 + (-10)/55 + 62/(-22). Is (-28)/v + -2 + 6962/3 a composite number?
True
Is ((-20)/(-75) + (-2)/(-5))*(-1867431)/(-2) prime?
True
Suppose -12*p = 3690 + 1422. Let g = 678 + p. Let b = -121 + g. Is b a composite number?
False
Let j(x) = -3*x**2 + 4*x + 8. Let r(h) = -2*h**2 + 2*h + 4. Let u(s) = 3*j(s) - 5*r(s). Let a(f) = -2*f**2 + f - 1. Let q be a(2). Is u(q) prime?
False
Is 11/((-231)/(-6)) + 5978656/56 composite?
True
Suppose -i + 5*z + 15470 = 4*z, 0 = 5*i - 2*z - 77365. Is (-3)/(-9)*(i - -14) a composite number?
True
Suppose 9*x - 75 = 4*x. Suppose -3*a + 36 + x = 0. Suppose 7*d = a*d - 16030. Is d a composite number?
True
Suppose -27*s + 22*s = -41900. Suppose 17*a - 13*a = s. Suppose 73*t - 68*t = a. Is t a prime number?
True
Suppose -4*p + 73 = -3*t, -4*p + 7 = -2*t - 39. Let s = t - -36. Is s/6 + 5/((-30)/(-2253)) a prime number?
False
Suppose -2*